14040 - 208?
13b35
In base 5, what is 404 - 12133?
-11224
In base 14, what is -18b79 + 9d?
-18aba
In base 2, what is -101 + 1000110110101011010?
1000110110101010101
In base 6, what is 124251 + 33045?
201340
In base 9, what is -1 + -67784117?
-67784118
In base 5, what is -123 + -121403444?
-121404122
In base 7, what is 42 - -2601313?
2601355
In base 6, what is 25435025420 + -2?
25435025414
In base 2, what is -1 + 111011110111100010111111?
111011110111100010111110
In base 4, what is -12222213313 - -31310?
-12222122003
In base 4, what is 23321200312 + -130?
23321200122
In base 6, what is 4 + -35202011?
-35202003
In base 15, what is -1bc2994 - -1?
-1bc2993
In base 6, what is -20403 - 2405005?
-2425412
In base 13, what is 5b3b4 - 4?
5b3b0
In base 14, what is 36cc39 - -1?
36cc3a
In base 10, what is -188538527 + -5?
-188538532
In base 4, what is -21 + 212000?
211313
In base 8, what is 43547 + -20272?
23255
In base 4, what is 11 + 2202100030?
2202100101
In base 2, what is 100110010010000111 - -100001101?
100110010110010100
In base 10, what is 1259539 - 48?
1259491
In base 13, what is -47a + -836c?
-8819
In base 8, what is -50753572 + 64?
-50753506
In base 14, what is -2 - -ab0c710?
ab0c70c
In base 4, what is -2 + 31212133232?
31212133230
In base 5, what is 2 - -24211230313?
24211230320
In base 15, what is 25990 + bd6?
26676
In base 12, what is 0 + 670651b?
670651b
In base 13, what is cb4384 - 2?
cb4382
In base 11, what is 51a205 + 1?
51a206
In base 8, what is -47716267 - -1?
-47716266
In base 13, what is 9b46 - -1687?
b500
In base 2, what is -100 - 100100110101010000011100110?
-100100110101010000011101010
In base 11, what is 1017 - 3011?
-1aa5
In base 2, what is 110 + 111010010110111100?
111010010111000010
In base 8, what is 25152 - 4122?
21030
In base 4, what is -21 + 31123020?
31122333
In base 15, what is -74bc - -5d?
-745e
In base 5, what is -214311214 - -40?
-214311124
In base 10, what is 122220 - -725?
122945
In base 16, what is 561987 - 93?
5618f4
In base 3, what is 1222 + 11112212111010?
11112212120002
In base 9, what is -1023138 - -306?
-1022732
In base 12, what is -787a + 324?
-7556
In base 13, what is -28b2 + -173ca?
-19cac
In base 14, what is -1ac0 + -688?
-2368
In base 5, what is 113210 - -2231233?
2344443
In base 4, what is -1 - 322320302120?
-322320302121
In base 4, what is -123211 - -2233323?
2110112
In base 4, what is -1210000223 + 21221?
-1203313002
In base 12, what is 68ab5627 - -1?
68ab5628
In base 11, what is 2 - -4221846?
4221848
In base 10, what is -29 + 530328?
530299
In base 8, what is -1 - -42072122?
42072121
In base 7, what is -4 - -1123221625?
1123221621
In base 5, what is 422131020 - -124?
422131144
In base 6, what is -1 - -115353315?
115353314
In base 14, what is -1608 + -260?
-1868
In base 4, what is -11133031 - -1120200?
-10012231
In base 14, what is -374bb + 59?
-37462
In base 6, what is -324123 + -1325?
-325452
In base 13, what is -2c - -1780797?
1780768
In base 5, what is -3 - -1342242302?
1342242244
In base 15, what is 1d - 6e9b52?
-6e9b34
In base 12, what is 14 - -3978724?
3978738
In base 9, what is 0 + 10184325?
10184325
In base 6, what is 224 + -444253555?
-444253331
In base 11, what is -1368a65 + 1?
-1368a64
In base 14, what is -21c71c + -8?
-21c726
In base 11, what is 6a9 + -1117?
-519
In base 2, what is -11000010000000110 + 1001011111?
-11000000110100111
In base 8, what is -17 - -2222050?
2222031
In base 13, what is 15602 - -264?
15866
In base 8, what is -1555417 + 1473?
-1553724
In base 9, what is -2 + 333375573?
333375571
In base 3, what is 11101 + 10022121212?
10022210020
In base 6, what is 3002 + -332023?
-325021
In base 9, what is 616655176 + 2?
616655178
In base 10, what is 0 + -108474860?
-108474860
In base 12, what is -26 - -119185?
11915b
In base 15, what is -2 + bc76d9?
bc76d7
In base 14, what is 1663407b - -1?
1663407c
In base 16, what is -8c + -3e23c1?
-3e244d
In base 16, what is -947 - -12bfd?
122b6
In base 3, what is 102111210010111202 - 21?
102111210010111111
In base 8, what is -164124674 - -11?
-164124663
In base 7, what is -346656 - -326?
-346330
In base 5, what is 102323 + -13044?
34224
In base 16, what is -425910 + 0?
-425910
In base 5, what is 24042242 - 224?
24042013
In base 8, what is -100 + -367354?
-367454
In base 5, what is 2112404300 + -210?
2112404040
In base 7, what is 21126011 + -5?
21126003
In base 4, what is -230 - 122313311202?
-122313312032
In base 12, what is 54 + -2ba05?
-2b971
In base 3, what is 112 - -211110010111111?
211110010112000
In base 12, what is -bb67548 - 3?
-bb6754b
In base 15, what is 2 + -93e36b?
-93e369
In base 12, what is 7a3 - 26b4bb?
-26a918
In base 12, what is -1b - -3937a63?
3937a44
In base 14, what is 353265 - -9?
353270
In base 16, what is -5aac7 - -2e?
-5aa99
In base 15, what is -86e2 + 3e47?
-479a
In base 9, what is 56571 - -6622?
64303
In base 5, what is 2 - 4220434213?
-4220434211
In base 13, what is 2b851cb6b - -1?
2b851cb6c
In base 3, what is -11220002000102211 + -11?
-11220002000102222
In base 15, what is -8e99 + -149?
-90e3
In base 12, what is -1ab427 + 16?
-1ab411
In base 8, what is -17 - 32066503?
-32066522
In base 6, what is 420005 - 2033?
413532
In base 6, what is 2314 + 125411?
132125
In base 12, what is 2204 - -821?
2a25
In base 16, what is 2587da - -14?
2587ee
In base 14, what is -13d9dd89 - -4?
-13d9dd85
In base 9, what is -3 - -24164306?
24164303
In base 14, what is 17643 + 9c1?
18224
In base 8, what is 42760 + -16473?
24265
In base 4, what is 202233 - -1021120?
1230013
In base 10, what is 407899 - 94?
407805
In base 2, what is -11 + 11011010001000010011?
11011010001000010000
In base 6, what is -13312222 + -4?
-13312230
In base 9, what is -324405340 + 10?
-324405330
In base 4, what is 32001321112 + -103?
32001321003
In base 6, what is 422221321 - 5?
422221312
In base 2, what is -111010101110100110010111001 + -1?
-111010101110100110010111010
In base 5, what is -20300424130 - -4?
-20300424121
In base 3, what is 201222 - 12111111110?
-12110202111
In base 9, what is 17513151 + -5?
17513145
In base 11, what is -3 - 3111234?
-3111237
In base 12, what is -1 - 1404450?
-1404451
In base 15, what is d - 138426?
-138418
In base 14, what is 6 + 70906?
7090c
In base 15, what is e3e6ce0 + 4?
e3e6ce4
In base 5, what is -20110001241 - -10?
-20110001231
In base 11, what is -19 - -3662a2?
366284
In base 13, what is -1399 + 7057?
598b
In base 10, what is 1778 + -47160?
-45382
In base 12, what is 3 + 201b5a81?
201b5a84
In base 8, what is -12266 - 5511?
-17777
In base 13, what is -2b2b + -b19?
-3947
In base 13, what is 13 - 95a1bb?
-95a1a8
In base 4, what is -11 + 1121212302012?
1121212302001
In base 7, what is -616316053 + -12?
-616316065
In base 14, what is 6b56c + -65d?
6ad0d
In base 7, what is -452 + -253345?
-254130
In base 12, what is -a - -34a6606?
34a65b8
In base 14, what is 1 + 530a36?
530a37
In base 7, what is -14625666 - 5?
-14626004
In base 6, what is -135210122345 - 3?
-135210122352
In base 13, what is -3c3139cc - -4?
-3c3139c8
In base 6, what is 212323240 - 1304?
212321532
In base 5, what is 13012 - 1121?
11341
In base 14, what is d179d - 2?
d179b
In base 7, what is 63120 + 32?
63152
In base 9, what is -158368063 - -3?
-158368060
In base 11, what is -183 + -18811?
-18994
In base 12, what is 1457 - -202a?
3485
In base 2, what is -1 + -1000011111011001?
-1000011111011010
In base 14, what is 2b08 - 1bcc?
d1a
In base 15, what is 57ed - 8d2?
4e1b
In base 14, what is 12 + 58a4a20?
58a4a32
In base 6, what is -10 - 1212520?
-1212530
In base 4, what is -2 + -11023323320?
-11023323322
In base 12, what is 52 - 4844955?
-4844903
In base 11, what is 1320979 - 1?
1320978
In base 13, what is -5cb02b7 + -8?
-5cb02c2
In base 4, what is 10301003 + -1310021?
2330322
In base 3, what is 11201211112000222 + -11?
11201211112000211
In base 3, what is -2210022 + 11120122?
1210100
In base 5, what is -20 + -1240424444?
-1240430014
In base 2, what is -1101111101011001010011110 - -1?
-1101111101011001010011101
In base 3, what is 11022 - -11211022100021?
11211022111120
In base 13, what is -2528832 - 3?
-2528835
In base 12, what is 1163b2 + 4b?
116441
In base 5, what is 334443 - 20304?
314134
In base 12, what is 12516 - -2798?
150b2
In base 9, what is -50 - -17432411?
17